or of 416896?
True
Does 15 divide 4785?
True
Is 347397 a multiple of 33?
False
Is 205146 a multiple of 131?
True
Does 265 divide 202990?
True
Is 969430 a multiple of 70?
True
Does 63 divide 3364712?
False
Does 228 divide 3109788?
False
Is 201 a factor of 257658?
False
Does 25 divide 1128625?
True
Is 40 a factor of 114096?
False
Is 317 a factor of 2326555?
False
Is 417228 a multiple of 21?
True
Does 34 divide 16415?
False
Does 2 divide 74318?
True
Is 703440 a multiple of 92?
False
Is 5 a factor of 2903625?
True
Is 4504779 a multiple of 95?
False
Is 3 a factor of 65520?
True
Does 22 divide 836242?
True
Is 1840050 a multiple of 870?
True
Is 1131 a factor of 316670?
False
Is 60 a factor of 420?
True
Is 1114120 a multiple of 10?
True
Is 134 a factor of 3648630?
False
Is 7 a factor of 132140?
False
Is 1765206 a multiple of 873?
True
Does 27 divide 4044951?
True
Is 752938 a multiple of 38?
False
Does 181 divide 960205?
True
Does 10 divide 85742?
False
Is 88 a factor of 475526?
False
Does 728 divide 271544?
True
Is 944579 a multiple of 69?
False
Is 521150 a multiple of 488?
False
Is 206 a factor of 107130?
False
Does 242 divide 3311770?
True
Does 255 divide 771375?
True
Is 1168911 a multiple of 324?
False
Is 11 a factor of 2067096?
False
Does 38 divide 4014293?
False
Is 16321780 a multiple of 20?
True
Is 953629 a multiple of 598?
False
Does 65 divide 468065?
True
Is 12019476 a multiple of 532?
True
Is 4318397 a multiple of 14?
False
Is 173632 a multiple of 82?
False
Does 83 divide 2795430?
False
Does 360 divide 188067?
False
Is 122351 a multiple of 29?
True
Does 26 divide 1411254?
True
Is 7424208 a multiple of 1032?
True
Is 8 a factor of 374268?
False
Does 30 divide 853136?
False
Does 4 divide 39196?
True
Is 6243 a multiple of 22?
False
Does 27 divide 25083?
True
Is 2533210 a multiple of 5?
True
Is 9 a factor of 812677?
False
Does 12 divide 1015702?
False
Is 177440 a multiple of 76?
False
Is 3677172 a multiple of 23?
False
Does 24 divide 163440?
True
Is 602 a factor of 25722858?
True
Is 78 a factor of 1250808?
True
Does 245 divide 11025?
True
Is 177843 a multiple of 5?
False
Is 4919691 a multiple of 162?
False
Is 7 a factor of 1181439?
True
Is 37 a factor of 1078631?
False
Does 36 divide 188352?
True
Is 13282 a multiple of 2?
True
Does 191 divide 1112189?
False
Does 8 divide 102067?
False
Is 13 a factor of 159516?
False
Is 79 a factor of 4218205?
True
Does 57 divide 19756086?
True
Does 17 divide 72505?
True
Does 54 divide 24696?
False
Is 47 a factor of 331256?
True
Is 468750 a multiple of 375?
True
Is 239 a factor of 5631557?
True
Is 29 a factor of 90389?
False
Does 76 divide 41192?
True
Is 1208 a factor of 811111?
False
Does 41 divide 1817235?
False
Is 22128 a multiple of 8?
True
Is 47 a factor of 545764?
True
Does 328 divide 6862263?
False
Is 298 a factor of 321291?
False
Is 411 a factor of 117135?
True
Is 927799 a multiple of 173?
True
Does 2543 divide 16735483?
True
Is 1013668 a multiple of 71?
False
Does 435 divide 373230?
True
Is 777 a factor of 401246?
False
Is 11 a factor of 45320?
True
Does 30 divide 2387528?
False
Does 69 divide 309793?
False
Does 18 divide 12722328?
True
Is 126 a factor of 4460904?
True
Is 572040 a multiple of 56?
True
Is 2439975 a multiple of 15?
True
Is 25 a factor of 56350?
True
Is 4 a factor of 1124219?
False
Is 17 a factor of 248353?
True
Is 42 a factor of 156832?
False
Does 7 divide 1943480?
True
Is 17 a factor of 405205?
False
Is 125404 a multiple of 11?
False
Is 18924 a multiple of 19?
True
Does 68 divide 8407588?
True
Is 794 a factor of 79825?
False
Is 136 a factor of 613554?
False
Is 191957 a multiple of 42?
False
Is 115 a factor of 95570?
False
Is 2816 a multiple of 32?
True
Is 42648 a multiple of 7?
False
Does 4 divide 1538797?
False
Is 9 a factor of 142830?
True
Is 35 a factor of 50855?
True
Is 14 a factor of 21294?
True
Is 730408 a multiple of 15?
False
Is 3980975 a multiple of 25?
True
Does 30 divide 106440?
True
Does 95 divide 154427?
False
Is 97 a factor of 253365?
False
Does 3 divide 2191104?
True
Is 1221506 a multiple of 143?
True
Does 13 divide 25817890?
False
Is 2121785 a multiple of 57?
False
Does 85 divide 318883?
False
Is 501492 a multiple of 529?
True
Is 10 a factor of 919500?
True
Does 6 divide 13012?
False
Does 7 divide 650223?
True
Is 180807 a multiple of 9?
False
Does 46 divide 426343?
False
Is 30972 a multiple of 29?
True
Does 13 divide 3120?
True
Is 667020 a multiple of 60?
True
Is 67618 a multiple of 27?
False
Does 2 divide 9328?
True
Is 7587 a multiple of 54?
False
Is 33 a factor of 2156886?
False
Does 757 divide 2655480?
False
Is 286552 a multiple of 39?
False
Is 23023 a multiple of 132?
False
Does 20 divide 189040?
True
Is 11284 a multiple of 217?
True
Is 1463600 a multiple of 10?
True
Is 1237 a factor of 3066523?
True
Does 73 divide 6462238?
False
Does 23 divide 132986?
True
Does 243 divide 222345?
True
Does 12 divide 195410?
False
Does 325 divide 1375725?
True
Is 1506720 a multiple of 730?
True
Is 38 a factor of 140942?
True
Does 238 divide 166653?
False
Does 70 divide 11802?
False
Is 144 a factor of 751104?
True
Does 7 divide 91988?
False
Does 8 divide 2662672?
True
Is 89 a factor of 42220?
False
Does 22 divide 29613210?
True
Is 85 a factor of 73355?
True
Is 67222 a multiple of 19?
True
Is 60662 a multiple of 11?
False
Is 1174836 a multiple of 5?
False
Is 691 a factor of 2130353?
True
Is 85 a factor of 5636851?
False
Does 147 divide 15582?
True
Does 388 divide 1940?
True
Does 22 divide 322058?
True
Is 12 a factor of 1785275?
False
Is 1969555 a multiple of 9?
False
Does 3 divide 70928?
False
Does 16 divide 292288?
True
Does 42 divide 4884205?
False
Is 749747 a multiple of 170?
False
Does 30 divide 90660?
True
Does 43 divide 914473?
False
Is 4256 a multiple of 7?
True
Is 385103 a multiple of 89?
True
Is 150379 a multiple of 75?
False
Does 103 divide 83328?
False
Does 64 divide 2366720?
True
Is 92595 a multiple of 148?
False
Is 29 a factor of 7160448?
True
Does 5 divide 269050?
True
Does 152 divide 97189?
False
Is 14 a factor of 40160820?
True
Is 9 a factor of 549342?
True
Is 13 a factor of 3904577?
False
Is 145942 a multiple of 12?
False
Is 2336488 a multiple of 88?
True
Is 4277560 a multiple of 403?
False
Is 3325756 a multiple of 7?
True
Is 4973700 a multiple of 118?
True
Is 12 a factor of 488259?
False
Does 5 divide 11185?
True
Does 1398 divide 8130751?
False
Is 30438 a multiple of 15?
False
Is 1520245 a multiple of 13?
False
Is 1097301 a multiple of 5?
False
Is 63927 a multiple of 9?
True
Does 36 divide 1481940?
True
Does 1844 divide 8744248?
True
Does 66 divide 46464?
True
Does 36 divide 126756?
True
Is 279 a factor of 102114?
True
Is 67 a factor of 304716?
True
Is 268 a factor of 11678904?
True
Is 1987810 a multiple of 22?
True
Is 64 a factor of 44490?
False
Is 199804 a multiple of 17?
False
Does 114 divide 1176936?
True
Is 543 a factor of 2529023?
False
Is 32 a factor of 651205?
False
Is 185120 a multiple of 104?
True
Is 13 a factor of 462371?
True
Is 46484 a multiple of 92?
False
Is 3450300 a multiple of 5?
True
Does 78 divide 4728616?
False
Is 879669 a multiple of 9?
True
Is 141363 a multiple of 339?
True
Is 14 a factor of 2735530?
True
Does 169 divide 457792?
False
Is 246143 a multiple of 36?
False
Is 218584 a multiple of 20?
False
Does 8 divide 419792?
True
Is 21400 a multiple of 58?
False
Is 40587 a multiple of 81?
False
Is 16 a factor of 76559?
False
Is 60 a factor of 985320?
True
Is 150194 a multiple of 22?
True
Is 144 a factor of 477938?
False
Is 97610 a multiple of 27?
False
Does 19 divide 384332?
True
Is 1106441 a multiple of 236?
False
Does 11 divide 223415?
False
Is 137 a factor of 435426?
False
Is 31655 a multiple of 225?
False
Is 69 a factor of 316710?
True
Is 75 a factor of 3065400?
True
Is 32 a factor of 75424?
True
Is 161 a factor of 31717?
True
Does 67 divide 148570?
False
Is 2 a factor of 5341?
False
Is 173 a factor of 10037979?
True
Does 4 divide 171378?
False
Does 5 divide 4007820?
True
Is 96606 a multiple of 16?
False
Is 509278 a multiple of 22?
True
Is 48 a factor of 2850771?
False
Is 37 a factor of 164132?
True
Does 594 divide 371080?
False
Is 64629 even?
False
Is 3483069 a multiple of 18?
False
Does 18 divide 150804?
True
Does 105 divide 5742555?
True
I